prime factors of 40071838.
2, 20035919
What are the prime factors of 2171272396?
2, 542818099
List the prime factors of 210832783.
7, 41, 59, 12451
What are the prime factors of 39279158?
2, 19639579
What are the prime factors of 2950465379?
17, 661, 262567
What are the prime factors of 43773079?
7, 17, 367841
List the prime factors of 1102810888.
2, 67, 2057483
List the prime factors of 69147255.
3, 5, 71, 64927
List the prime factors of 47954460.
2, 3, 5, 43, 18587
What are the prime factors of 1006103241?
3, 11, 13, 260581
What are the prime factors of 280753342?
2, 307, 457253
What are the prime factors of 6437096592?
2, 3, 29, 89, 223, 233
What are the prime factors of 4269475892?
2, 11, 97033543
List the prime factors of 829761118.
2, 389, 1066531
List the prime factors of 73969129.
13, 5689933
What are the prime factors of 6283486?
2, 11, 285613
What are the prime factors of 3732051515?
5, 467, 1598309
What are the prime factors of 255404128?
2, 7, 1140197
List the prime factors of 818917274.
2, 7, 58494091
List the prime factors of 258064788.
2, 3, 37, 581227
What are the prime factors of 626046884?
2, 19, 101, 81559
List the prime factors of 805424981.
31, 239, 108709
What are the prime factors of 68700140?
2, 5, 3435007
What are the prime factors of 150928022?
2, 7, 43, 239, 1049
What are the prime factors of 1543818790?
2, 5, 17, 79, 139, 827
What are the prime factors of 143243183?
143243183
List the prime factors of 3192190422.
2, 3, 532031737
List the prime factors of 710932337.
710932337
What are the prime factors of 12093666?
2, 3, 13, 155047
List the prime factors of 276716552.
2, 7, 107, 46181
What are the prime factors of 108368348?
2, 11, 2462917
What are the prime factors of 2171933771?
7, 191, 239, 971
What are the prime factors of 1589106526?
2, 7, 53, 2141653
What are the prime factors of 10654613?
2659, 4007
List the prime factors of 1524310.
2, 5, 313, 487
What are the prime factors of 7800003650?
2, 5, 156000073
List the prime factors of 4977243.
3, 17, 32531
What are the prime factors of 143820818?
2, 71910409
What are the prime factors of 216773817?
3, 13, 17, 557, 587
What are the prime factors of 6522207?
3, 971, 2239
What are the prime factors of 49361319?
3, 7, 17, 569
What are the prime factors of 57859244?
2, 179, 80809
List the prime factors of 4442892170.
2, 5, 19, 541, 43223
What are the prime factors of 1618875246?
2, 3, 269812541
What are the prime factors of 911319304?
2, 7, 503, 32353
List the prime factors of 392746972.
2, 311, 491, 643
What are the prime factors of 3472743671?
1109, 3131419
List the prime factors of 2325185942.
2, 5471, 212501
What are the prime factors of 98295711?
3, 59, 197, 2819
What are the prime factors of 14601631?
11, 47, 61, 463
List the prime factors of 1568578480.
2, 5, 7, 101, 27733
What are the prime factors of 204730508?
2, 51182627
What are the prime factors of 525422365?
5, 13, 71, 257, 443
What are the prime factors of 107106004?
2, 53, 59, 8563
List the prime factors of 5969551429.
29, 269, 765229
What are the prime factors of 2608603688?
2, 326075461
What are the prime factors of 262255006?
2, 13, 2251, 4481
List the prime factors of 900395987.
900395987
List the prime factors of 95151816.
2, 3, 41, 32233
What are the prime factors of 16159117?
13, 47, 53, 499
What are the prime factors of 1020983190?
2, 3, 5, 1171, 29063
What are the prime factors of 483918176?
2, 7, 2160349
What are the prime factors of 207518955?
3, 5, 7, 1976371
List the prime factors of 1013747871.
3, 353, 857, 1117
List the prime factors of 1010775792.
2, 3, 13, 821, 1973
List the prime factors of 63019050.
2, 3, 5, 41, 10247
List the prime factors of 101007060.
2, 3, 5, 7, 11, 21863
What are the prime factors of 138985139?
29, 1949, 2459
List the prime factors of 38111504.
2, 2381969
What are the prime factors of 930496843?
1889, 492587
List the prime factors of 286971971.
11, 13, 154369
List the prime factors of 122151426.
2, 3, 17, 197, 6079
List the prime factors of 7487730.
2, 3, 5, 271, 307
List the prime factors of 454817355.
3, 5, 47, 645131
List the prime factors of 234936836.
2, 79, 809, 919
List the prime factors of 1203157349.
19, 101, 383, 1637
List the prime factors of 22758343.
22758343
What are the prime factors of 1734282600?
2, 3, 5, 31, 93241
What are the prime factors of 1228028981?
9059, 135559
What are the prime factors of 187697618?
2, 19, 23, 89, 127
List the prime factors of 1009116664.
2, 126139583
List the prime factors of 32836371.
3, 2381, 4597
List the prime factors of 441473173.
829, 532537
What are the prime factors of 3962710620?
2, 3, 5, 11, 667123
What are the prime factors of 2614727161?
19, 191, 607, 1187
What are the prime factors of 7321874412?
2, 3, 29, 21039869
What are the prime factors of 66555466?
2, 33277733
List the prime factors of 743075401.
7297, 101833
What are the prime factors of 2236860918?
2, 3, 17, 19, 384737
What are the prime factors of 312989208?
2, 3, 7, 113, 16487
List the prime factors of 1722902306.
2, 59, 131, 227, 491
List the prime factors of 8860463.
8860463
What are the prime factors of 311312136?
2, 3, 12971339
List the prime factors of 1892295806.
2, 17, 55655759
What are the prime factors of 9798818273?
67, 146251019
List the prime factors of 831004040.
2, 5, 1223, 16987
List the prime factors of 289377100.
2, 5, 43, 173, 389
List the prime factors of 3520288543.
1021, 3447883
List the prime factors of 6254001334.
2, 7, 773, 577897
What are the prime factors of 65674060?
2, 5, 17, 419, 461
List the prime factors of 810218548.
2, 41, 137, 36061
List the prime factors of 811527350.
2, 5, 41, 233, 1699
What are the prime factors of 790892769?
3, 541, 487303
List the prime factors of 8689369141.
151, 1013, 56807
What are the prime factors of 663596067?
3, 29, 7627541
List the prime factors of 80522737.
181, 444877
List the prime factors of 110290243.
7, 15755749
What are the prime factors of 871348728?
2, 3, 41, 885517
List the prime factors of 78941848.
2, 9867731
List the prime factors of 58880580.
2, 3, 5, 11, 89213
What are the prime factors of 368169421?
368169421
List the prime factors of 50722258.
2, 71, 357199
What are the prime factors of 1139122369?
7, 11, 14793797
List the prime factors of 2696300392.
2, 31, 10872179
What are the prime factors of 11823758?
2, 67, 88237
List the prime factors of 35396238.
2, 3, 5899373
What are the prime factors of 146246612?
2, 43, 850271
List the prime factors of 148859998.
2, 7, 47, 226231
List the prime factors of 170625683.
170625683
List the prime factors of 232958179.
37, 47, 109, 1229
List the prime factors of 196633986.
2, 3, 32772331
What are the prime factors of 717461161?
251, 1171, 2441
List the prime factors of 2088535474.
2, 83, 503, 25013
What are the prime factors of 336473195?
5, 67294639
List the prime factors of 138878664.
2, 3, 5786611
List the prime factors of 7193554.
2, 3596777
List the prime factors of 46227003.
3, 15409001
List the prime factors of 2665302394.
2, 137, 2467, 3943
List the prime factors of 23008710.
2, 3, 5, 766957
What are the prime factors of 81437054?
2, 40718527
List the prime factors of 435469340.
2, 5, 1151, 18917
List the prime factors of 139569510.
2, 3, 5, 4652317
List the prime factors of 1012115199.
3, 19, 67, 265021
List the prime factors of 923375783.
11, 59, 239, 5953
List the prime factors of 104147544.
2, 3, 41, 53, 1997
List the prime factors of 140819307.
3, 46939769
What are the prime factors of 129513899?
19, 73, 93377
List the prime factors of 2479134.
2, 3, 7, 67, 881
List the prime factors of 334105432.
2, 41763179
What are the prime factors of 13041481?
107, 121883
What are the prime factors of 2251651701?
3, 13, 47, 1228397
List the prime factors of 43305256.
2, 17, 19, 16759
What are the prime factors of 108523841?
89, 211, 5779
What are the prime factors of 56215535?
5, 11243107
What are the prime factors of 6413504?
2, 23, 4357
List the prime factors of 94453349.
337, 280277
List the prime factors of 813037856.
2, 23, 1104671
List the prime factors of 259204675.
5, 10368187
List the prime factors of 83218497.
3, 59, 470161
What are the prime factors of 67517621?
19, 3553559
What are the prime factors of 29969501